{"id":1958,"date":"2020-11-21T12:25:24","date_gmt":"2020-11-21T11:25:24","guid":{"rendered":"http:\/\/www.cabb-lille.fr\/?page_id=1958"},"modified":"2020-12-07T19:23:46","modified_gmt":"2020-12-07T18:23:46","slug":"lulo-cosmetiques","status":"publish","type":"page","link":"https:\/\/www.cabb-lille.fr\/index.php\/lulo-cosmetiques\/","title":{"rendered":"Lulo Cosm\u00e9tiques"},"content":{"rendered":"\t\t<div data-elementor-type=\"wp-page\" data-elementor-id=\"1958\" class=\"elementor elementor-1958\" data-elementor-settings=\"[]\">\n\t\t\t<div class=\"elementor-inner\">\n\t\t\t\t<div class=\"elementor-section-wrap\">\n\t\t\t\t\t\t\t<section class=\"elementor-element elementor-element-b930db1 elementor-section-boxed elementor-section-height-default elementor-section-height-default elementor-section elementor-top-section\" data-id=\"b930db1\" data-element_type=\"section\">\n\t\t\t\t\t\t<div class=\"elementor-container elementor-column-gap-default\">\n\t\t\t\t<div class=\"elementor-row\">\n\t\t\t\t<div class=\"elementor-element elementor-element-f943ef1 elementor-column elementor-col-100 elementor-top-column\" data-id=\"f943ef1\" data-element_type=\"column\">\n\t\t\t<div class=\"elementor-column-wrap  elementor-element-populated\">\n\t\t\t\t\t<div class=\"elementor-widget-wrap\">\n\t\t\t\t<div class=\"elementor-element elementor-element-ca93b67 elementor-widget elementor-widget-text-editor\" data-id=\"ca93b67\" data-element_type=\"widget\" data-widget_type=\"text-editor.default\">\n\t\t\t\t<div class=\"elementor-widget-container\">\n\t\t\t\t\t<div class=\"elementor-text-editor elementor-clearfix\"><p>Jeune marque lilloise de produits cosm\u00e9tiques. 100 % naturels, faits maison, made in France et 200 % made with love \ud83e\udde1. Shampoings solides, baumes, d\u00e9odorants, cr\u00e8mes, produits d&#8217;hygi\u00e8ne pour b\u00e9b\u00e9&#8230; tout est r\u00e9alis\u00e9 avec les ingr\u00e9dients les plus naturels possibles, souvent bio, dans des recettes essentialis\u00e9es pour ne garder que les huiles et actifs indispensables et bons pour la sant\u00e9.<br \/>Je recycle les pots autant que possible, donc pensez \u00e0 me les garder de c\u00f4t\u00e9 \ud83d\ude09<\/p><\/div>\n\t\t\t\t<\/div>\n\t\t\t\t<\/div>\n\t\t\t\t<div class=\"elementor-element elementor-element-16429fe elementor-align-center elementor-widget elementor-widget-button\" data-id=\"16429fe\" data-element_type=\"widget\" data-widget_type=\"button.default\">\n\t\t\t\t<div class=\"elementor-widget-container\">\n\t\t\t\t\t<div class=\"elementor-button-wrapper\">\n\t\t\t<a href=\"http:\/\/www.cabb-lille.fr\/index.php\/le-petit-marche-dedouard-p\/\" class=\"elementor-button-link elementor-button elementor-size-sm\" role=\"button\">\n\t\t\t\t\t\t<span class=\"elementor-button-content-wrapper\">\n\t\t\t\t\t\t<span class=\"elementor-button-text\">Retour aux cr\u00e9ateurs<\/span>\n\t\t<\/span>\n\t\t\t\t\t<\/a>\n\t\t<\/div>\n\t\t\t\t<\/div>\n\t\t\t\t<\/div>\n\t\t\t\t\t\t<\/div>\n\t\t\t<\/div>\n\t\t<\/div>\n\t\t\t\t\t\t<\/div>\n\t\t\t<\/div>\n\t\t<\/section>\n\t\t\t\t<section class=\"elementor-element elementor-element-d1dae1b elementor-section-boxed elementor-section-height-default elementor-section-height-default elementor-section elementor-top-section\" data-id=\"d1dae1b\" data-element_type=\"section\">\n\t\t\t\t\t\t<div class=\"elementor-container elementor-column-gap-default\">\n\t\t\t\t<div class=\"elementor-row\">\n\t\t\t\t<div class=\"elementor-element elementor-element-cf4f738 elementor-column elementor-col-33 elementor-top-column\" data-id=\"cf4f738\" data-element_type=\"column\">\n\t\t\t<div class=\"elementor-column-wrap  elementor-element-populated\">\n\t\t\t\t\t<div class=\"elementor-widget-wrap\">\n\t\t\t\t<div class=\"elementor-element elementor-element-24f4ab5 elementor-widget elementor-widget-image\" data-id=\"24f4ab5\" data-element_type=\"widget\" data-widget_type=\"image.default\">\n\t\t\t\t<div class=\"elementor-widget-container\">\n\t\t\t\t\t<div class=\"elementor-image\">\n\t\t\t\t\t\t\t\t\t\t\t<a href=\"http:\/\/www.cabb-lille.fr\/wp-content\/uploads\/2020\/11\/lulo-cosm\u00e9tique_sq.jpg\" data-elementor-open-lightbox=\"yes\">\n\t\t\t\t\t\t\t<img loading=\"lazy\" decoding=\"async\" width=\"640\" height=\"640\" src=\"https:\/\/www.cabb-lille.fr\/wp-content\/uploads\/2020\/11\/lulo-cosm\u00e9tique_sq-1024x1024.jpg\" class=\"attachment-large size-large\" alt=\"\" srcset=\"https:\/\/www.cabb-lille.fr\/wp-content\/uploads\/2020\/11\/lulo-cosm\u00e9tique_sq-1024x1024.jpg 1024w, https:\/\/www.cabb-lille.fr\/wp-content\/uploads\/2020\/11\/lulo-cosm\u00e9tique_sq-150x150.jpg 150w, https:\/\/www.cabb-lille.fr\/wp-content\/uploads\/2020\/11\/lulo-cosm\u00e9tique_sq-300x300.jpg 300w, https:\/\/www.cabb-lille.fr\/wp-content\/uploads\/2020\/11\/lulo-cosm\u00e9tique_sq-768x768.jpg 768w, https:\/\/www.cabb-lille.fr\/wp-content\/uploads\/2020\/11\/lulo-cosm\u00e9tique_sq-720x720.jpg 720w\" sizes=\"auto, (max-width: 640px) 100vw, 640px\" \/>\t\t\t\t\t\t\t\t<\/a>\n\t\t\t\t\t\t\t\t\t\t\t<\/div>\n\t\t\t\t<\/div>\n\t\t\t\t<\/div>\n\t\t\t\t\t\t<\/div>\n\t\t\t<\/div>\n\t\t<\/div>\n\t\t\t\t<div class=\"elementor-element elementor-element-5d29b64 elementor-column elementor-col-66 elementor-top-column\" data-id=\"5d29b64\" data-element_type=\"column\">\n\t\t\t<div class=\"elementor-column-wrap  elementor-element-populated\">\n\t\t\t\t\t<div class=\"elementor-widget-wrap\">\n\t\t\t\t<div class=\"elementor-element elementor-element-abc5254 elementor-widget elementor-widget-text-editor\" data-id=\"abc5254\" data-element_type=\"widget\" data-widget_type=\"text-editor.default\">\n\t\t\t\t<div class=\"elementor-widget-container\">\n\t\t\t\t\t<div class=\"elementor-text-editor elementor-clearfix\"><div class=\"page\" title=\"Page 3\"><div class=\"section\"><div class=\"layoutArea\"><div class=\"column\"><h2>Shampoing solide hydratant pour cheveux normaux a\u0300 secs \u00a0<\/h2><p>Y&#8217;a quoi dedans ? Agents lavants tout doux issus de la noix de coco, eau mine\u0301rale, huile de coco, beurre de mangue, prote\u0301ines de soie, phytoke\u0301ratine de ble\u0301, huiles essentielles ylang-ylang et petitgrain bigarade, anti-bacte\u0301rien, vitamine E.<\/p><p>Reste 2 quantit\u00e9s en vente<\/p><h4>Prix : 6\u20ac pour 60 g<\/h4><\/div><\/div><\/div><\/div><\/div>\n\t\t\t\t<\/div>\n\t\t\t\t<\/div>\n\t\t\t\t\t\t<\/div>\n\t\t\t<\/div>\n\t\t<\/div>\n\t\t\t\t\t\t<\/div>\n\t\t\t<\/div>\n\t\t<\/section>\n\t\t\t\t<section class=\"elementor-element elementor-element-33b2904 elementor-section-boxed elementor-section-height-default elementor-section-height-default elementor-section elementor-top-section\" data-id=\"33b2904\" data-element_type=\"section\">\n\t\t\t\t\t\t<div class=\"elementor-container elementor-column-gap-default\">\n\t\t\t\t<div class=\"elementor-row\">\n\t\t\t\t<div class=\"elementor-element elementor-element-11ab7e3 elementor-column elementor-col-33 elementor-top-column\" data-id=\"11ab7e3\" data-element_type=\"column\">\n\t\t\t<div class=\"elementor-column-wrap  elementor-element-populated\">\n\t\t\t\t\t<div class=\"elementor-widget-wrap\">\n\t\t\t\t<div class=\"elementor-element elementor-element-11a57fe elementor-widget elementor-widget-image\" data-id=\"11a57fe\" data-element_type=\"widget\" data-widget_type=\"image.default\">\n\t\t\t\t<div class=\"elementor-widget-container\">\n\t\t\t\t\t<div class=\"elementor-image\">\n\t\t\t\t\t\t\t\t\t\t\t<a href=\"http:\/\/www.cabb-lille.fr\/wp-content\/uploads\/2020\/11\/d\u00e9o-5.jpg\" data-elementor-open-lightbox=\"yes\">\n\t\t\t\t\t\t\t<img loading=\"lazy\" decoding=\"async\" width=\"640\" height=\"359\" src=\"https:\/\/www.cabb-lille.fr\/wp-content\/uploads\/2020\/11\/d\u00e9o-5-1024x575.jpg\" class=\"attachment-large size-large\" alt=\"Lulo Cosmetique \/ D\u00e9o citron\" srcset=\"https:\/\/www.cabb-lille.fr\/wp-content\/uploads\/2020\/11\/d\u00e9o-5-1024x575.jpg 1024w, https:\/\/www.cabb-lille.fr\/wp-content\/uploads\/2020\/11\/d\u00e9o-5-300x168.jpg 300w, https:\/\/www.cabb-lille.fr\/wp-content\/uploads\/2020\/11\/d\u00e9o-5-768x431.jpg 768w, https:\/\/www.cabb-lille.fr\/wp-content\/uploads\/2020\/11\/d\u00e9o-5-720x404.jpg 720w\" sizes=\"auto, (max-width: 640px) 100vw, 640px\" \/>\t\t\t\t\t\t\t\t<\/a>\n\t\t\t\t\t\t\t\t\t\t\t<\/div>\n\t\t\t\t<\/div>\n\t\t\t\t<\/div>\n\t\t\t\t\t\t<\/div>\n\t\t\t<\/div>\n\t\t<\/div>\n\t\t\t\t<div class=\"elementor-element elementor-element-223496b elementor-column elementor-col-66 elementor-top-column\" data-id=\"223496b\" data-element_type=\"column\">\n\t\t\t<div class=\"elementor-column-wrap  elementor-element-populated\">\n\t\t\t\t\t<div class=\"elementor-widget-wrap\">\n\t\t\t\t<div class=\"elementor-element elementor-element-c394cf0 elementor-widget elementor-widget-text-editor\" data-id=\"c394cf0\" data-element_type=\"widget\" data-widget_type=\"text-editor.default\">\n\t\t\t\t<div class=\"elementor-widget-container\">\n\t\t\t\t\t<div class=\"elementor-text-editor elementor-clearfix\"><div class=\"page\" title=\"Page 3\"><div class=\"section\"><div class=\"layoutArea\"><div class=\"column\"><h2>De\u0301odorant cre\u0300me citron\u00a0<\/h2><p>Ce de\u0301o cre\u0300me a\u0300 base de karite\u0301 et de cire d&#8217;abeille fait des merveilles. Une petite pichenette a\u0300 e\u0301taler sous les bras et les canicules n&#8217;auront qu&#8217;a\u0300 bien se tenir ! Y&#8217;a quoi dedans ? beurre de karite\u0301, bicarbonate de soude, huile de coco, huile de se\u0301same, argile blanche, cire d&#8217;abeille, huile essentielle de citron, vitamine E.<\/p><p>Reste 1 quantit\u00e9s en vente sur 2.<\/p><h4>Prix : 6\u20ac pour 50 ml<\/h4><\/div><\/div><\/div><\/div><\/div>\n\t\t\t\t<\/div>\n\t\t\t\t<\/div>\n\t\t\t\t\t\t<\/div>\n\t\t\t<\/div>\n\t\t<\/div>\n\t\t\t\t\t\t<\/div>\n\t\t\t<\/div>\n\t\t<\/section>\n\t\t\t\t<section class=\"elementor-element elementor-element-f516bd5 elementor-section-boxed elementor-section-height-default elementor-section-height-default elementor-section elementor-top-section\" data-id=\"f516bd5\" data-element_type=\"section\">\n\t\t\t\t\t\t<div class=\"elementor-container elementor-column-gap-default\">\n\t\t\t\t<div class=\"elementor-row\">\n\t\t\t\t<div class=\"elementor-element elementor-element-722ef90 elementor-column elementor-col-33 elementor-top-column\" data-id=\"722ef90\" data-element_type=\"column\">\n\t\t\t<div class=\"elementor-column-wrap  elementor-element-populated\">\n\t\t\t\t\t<div class=\"elementor-widget-wrap\">\n\t\t\t\t<div class=\"elementor-element elementor-element-9af34e7 elementor-widget elementor-widget-image\" data-id=\"9af34e7\" data-element_type=\"widget\" data-widget_type=\"image.default\">\n\t\t\t\t<div class=\"elementor-widget-container\">\n\t\t\t\t\t<div class=\"elementor-image\">\n\t\t\t\t\t\t\t\t\t\t\t<a href=\"http:\/\/www.cabb-lille.fr\/wp-content\/uploads\/2020\/11\/baume-\u00e0-tout-faire1.jpg\" data-elementor-open-lightbox=\"yes\">\n\t\t\t\t\t\t\t<img loading=\"lazy\" decoding=\"async\" width=\"640\" height=\"853\" src=\"https:\/\/www.cabb-lille.fr\/wp-content\/uploads\/2020\/11\/baume-\u00e0-tout-faire1-768x1024.jpg\" class=\"attachment-large size-large\" alt=\"Lulo Cosm\u00e9tique \/ baume \u00e0 tout faire\" srcset=\"https:\/\/www.cabb-lille.fr\/wp-content\/uploads\/2020\/11\/baume-\u00e0-tout-faire1-768x1024.jpg 768w, https:\/\/www.cabb-lille.fr\/wp-content\/uploads\/2020\/11\/baume-\u00e0-tout-faire1-225x300.jpg 225w, https:\/\/www.cabb-lille.fr\/wp-content\/uploads\/2020\/11\/baume-\u00e0-tout-faire1-720x960.jpg 720w\" sizes=\"auto, (max-width: 640px) 100vw, 640px\" \/>\t\t\t\t\t\t\t\t<\/a>\n\t\t\t\t\t\t\t\t\t\t\t<\/div>\n\t\t\t\t<\/div>\n\t\t\t\t<\/div>\n\t\t\t\t\t\t<\/div>\n\t\t\t<\/div>\n\t\t<\/div>\n\t\t\t\t<div class=\"elementor-element elementor-element-e29f379 elementor-column elementor-col-66 elementor-top-column\" data-id=\"e29f379\" data-element_type=\"column\">\n\t\t\t<div class=\"elementor-column-wrap  elementor-element-populated\">\n\t\t\t\t\t<div class=\"elementor-widget-wrap\">\n\t\t\t\t<div class=\"elementor-element elementor-element-77353d1 elementor-widget elementor-widget-text-editor\" data-id=\"77353d1\" data-element_type=\"widget\" data-widget_type=\"text-editor.default\">\n\t\t\t\t<div class=\"elementor-widget-container\">\n\t\t\t\t\t<div class=\"elementor-text-editor elementor-clearfix\"><div class=\"page\" title=\"Page 3\"><div class=\"section\"><div class=\"layoutArea\"><div class=\"column\"><h2>Baume a\u0300 tout faire pour adulte et be\u0301be\u0301\u00a0<\/h2><p>Ce baume nourrissant et protecteur 8 en 1 remplacera beaucoup de choses dans ta routine beaute\u0301 : soin du visage, du corps (zones rugueuses incluses), des le\u0300vres gerce\u0301es, des mains, des pieds, des cheveux (sus aux pointes de\u0301sse\u0301che\u0301es !), c&#8217;est aussi un de\u0301maquillant efficace et il apaisera be\u0301be\u0301 en massages de\u0301licats. Une fois re\u0301chauffe\u0301 dans le creux de la main, il se transforme en une huile fluide de\u0301licatement mielle\u0301e ! Tout est explique\u0301 en vide\u0301o : <a href=\"https:\/\/www.youtube.com\/watch?v=RUgraQBbstE\">ici<\/a>. Y&#8217;a quoi dedans ? huile de coco, beurre de karite\u0301, huile de calendula, huile d&#8217;amande douce, cire d&#8217;abeille, vitamine E. \u00a0 \u00a0 \u00a0<\/p><p>2 quantit\u00e9s en vente \u00a0 \u00a0 \u00a0 \u00a0 \u00a0 \u00a0 \u00a0 \u00a0 \u00a0 \u00a0<\/p><h4>Prix : 9\u20ac pour 100 ml<\/h4><\/div><\/div><\/div><\/div><\/div>\n\t\t\t\t<\/div>\n\t\t\t\t<\/div>\n\t\t\t\t\t\t<\/div>\n\t\t\t<\/div>\n\t\t<\/div>\n\t\t\t\t\t\t<\/div>\n\t\t\t<\/div>\n\t\t<\/section>\n\t\t\t\t<section class=\"elementor-element elementor-element-31cfb89 elementor-section-boxed elementor-section-height-default elementor-section-height-default elementor-section elementor-top-section\" data-id=\"31cfb89\" data-element_type=\"section\">\n\t\t\t\t\t\t<div class=\"elementor-container elementor-column-gap-default\">\n\t\t\t\t<div class=\"elementor-row\">\n\t\t\t\t<div class=\"elementor-element elementor-element-5f2b74e elementor-column elementor-col-33 elementor-top-column\" data-id=\"5f2b74e\" data-element_type=\"column\">\n\t\t\t<div class=\"elementor-column-wrap  elementor-element-populated\">\n\t\t\t\t\t<div class=\"elementor-widget-wrap\">\n\t\t\t\t<div class=\"elementor-element elementor-element-8a9d496 elementor-widget elementor-widget-image\" data-id=\"8a9d496\" data-element_type=\"widget\" data-widget_type=\"image.default\">\n\t\t\t\t<div class=\"elementor-widget-container\">\n\t\t\t\t\t<div class=\"elementor-image\">\n\t\t\t\t\t\t\t\t\t\t\t<a href=\"http:\/\/www.cabb-lille.fr\/wp-content\/uploads\/2020\/11\/kit-back-to-basics-1_Lulo-Cosm\u00e9tiques_resa.jpg\" data-elementor-open-lightbox=\"yes\">\n\t\t\t\t\t\t\t<img loading=\"lazy\" decoding=\"async\" width=\"640\" height=\"696\" src=\"https:\/\/www.cabb-lille.fr\/wp-content\/uploads\/2020\/11\/kit-back-to-basics-1_Lulo-Cosm\u00e9tiques_resa-941x1024.jpg\" class=\"attachment-large size-large\" alt=\"\" srcset=\"https:\/\/www.cabb-lille.fr\/wp-content\/uploads\/2020\/11\/kit-back-to-basics-1_Lulo-Cosm\u00e9tiques_resa-941x1024.jpg 941w, https:\/\/www.cabb-lille.fr\/wp-content\/uploads\/2020\/11\/kit-back-to-basics-1_Lulo-Cosm\u00e9tiques_resa-276x300.jpg 276w, https:\/\/www.cabb-lille.fr\/wp-content\/uploads\/2020\/11\/kit-back-to-basics-1_Lulo-Cosm\u00e9tiques_resa-768x836.jpg 768w, https:\/\/www.cabb-lille.fr\/wp-content\/uploads\/2020\/11\/kit-back-to-basics-1_Lulo-Cosm\u00e9tiques_resa-720x784.jpg 720w\" sizes=\"auto, (max-width: 640px) 100vw, 640px\" \/>\t\t\t\t\t\t\t\t<\/a>\n\t\t\t\t\t\t\t\t\t\t\t<\/div>\n\t\t\t\t<\/div>\n\t\t\t\t<\/div>\n\t\t\t\t\t\t<\/div>\n\t\t\t<\/div>\n\t\t<\/div>\n\t\t\t\t<div class=\"elementor-element elementor-element-f5cab3a elementor-column elementor-col-66 elementor-top-column\" data-id=\"f5cab3a\" data-element_type=\"column\">\n\t\t\t<div class=\"elementor-column-wrap  elementor-element-populated\">\n\t\t\t\t\t<div class=\"elementor-widget-wrap\">\n\t\t\t\t<div class=\"elementor-element elementor-element-350d7dd elementor-widget elementor-widget-text-editor\" data-id=\"350d7dd\" data-element_type=\"widget\" data-widget_type=\"text-editor.default\">\n\t\t\t\t<div class=\"elementor-widget-container\">\n\t\t\t\t\t<div class=\"elementor-text-editor elementor-clearfix\"><div title=\"Page 3\"><h2>Kit &#8220;Back to Basics&#8221;<\/h2><p>Le kit avec tous les essentiels de ta salle de bain : 1 shampoing solide hydratant, 1 baume a\u0300 tout faire a\u0300 la cire d&#8217;abeille (100 ml), 1 de\u0301o cre\u0300me lavande &amp; palmarosa (50 ml), un lot de 4 lingettes de\u0301maquillantes toutes douces, 1 pochette pour emmener ton shampoing en vadrouille, le tout dans un sac cousu dans un joli tissu a\u0300 motifs.<\/p><p>Une collaboration Lulo Cosme\u0301tiques et Cousette Etc !<br \/>Il n&#8217;est pas possible de choisir les tissus, mais fais confiance aux bons gou\u0302ts de Cousette Etc, tu ne seras pas de\u0301c\u0327u.e ! Vide\u0301o des 8 usages du baume a\u0300 tout faire : <a href=\"https:\/\/www.youtube.com\/watch?v=RUgraQBbstE\">ici<\/a>.<\/p><p>\u00a0<\/p><h4>Prix : 34\u20ac<\/h4><\/div><\/div>\n\t\t\t\t<\/div>\n\t\t\t\t<\/div>\n\t\t\t\t\t\t<\/div>\n\t\t\t<\/div>\n\t\t<\/div>\n\t\t\t\t\t\t<\/div>\n\t\t\t<\/div>\n\t\t<\/section>\n\t\t\t\t<section class=\"elementor-element elementor-element-85ced39 elementor-section-boxed elementor-section-height-default elementor-section-height-default elementor-section elementor-top-section\" data-id=\"85ced39\" data-element_type=\"section\">\n\t\t\t\t\t\t<div class=\"elementor-container elementor-column-gap-default\">\n\t\t\t\t<div class=\"elementor-row\">\n\t\t\t\t<div class=\"elementor-element elementor-element-08bb0de elementor-column elementor-col-33 elementor-top-column\" data-id=\"08bb0de\" data-element_type=\"column\">\n\t\t\t<div class=\"elementor-column-wrap  elementor-element-populated\">\n\t\t\t\t\t<div class=\"elementor-widget-wrap\">\n\t\t\t\t<div class=\"elementor-element elementor-element-48fb5d0 elementor-widget elementor-widget-image\" data-id=\"48fb5d0\" data-element_type=\"widget\" data-widget_type=\"image.default\">\n\t\t\t\t<div class=\"elementor-widget-container\">\n\t\t\t\t\t<div class=\"elementor-image\">\n\t\t\t\t\t\t\t\t\t\t\t<a href=\"http:\/\/www.cabb-lille.fr\/wp-content\/uploads\/2020\/11\/Kit-b\u00e9b\u00e9-1.jpg\" data-elementor-open-lightbox=\"yes\">\n\t\t\t\t\t\t\t<img loading=\"lazy\" decoding=\"async\" width=\"640\" height=\"853\" src=\"https:\/\/www.cabb-lille.fr\/wp-content\/uploads\/2020\/11\/Kit-b\u00e9b\u00e9-1-768x1024.jpg\" class=\"attachment-large size-large\" alt=\"Lulo cosmetique \/ Kit B\u00e9b\u00e9\" srcset=\"https:\/\/www.cabb-lille.fr\/wp-content\/uploads\/2020\/11\/Kit-b\u00e9b\u00e9-1-768x1024.jpg 768w, https:\/\/www.cabb-lille.fr\/wp-content\/uploads\/2020\/11\/Kit-b\u00e9b\u00e9-1-225x300.jpg 225w, https:\/\/www.cabb-lille.fr\/wp-content\/uploads\/2020\/11\/Kit-b\u00e9b\u00e9-1-720x960.jpg 720w\" sizes=\"auto, (max-width: 640px) 100vw, 640px\" \/>\t\t\t\t\t\t\t\t<\/a>\n\t\t\t\t\t\t\t\t\t\t\t<\/div>\n\t\t\t\t<\/div>\n\t\t\t\t<\/div>\n\t\t\t\t\t\t<\/div>\n\t\t\t<\/div>\n\t\t<\/div>\n\t\t\t\t<div class=\"elementor-element elementor-element-79423ed elementor-column elementor-col-66 elementor-top-column\" data-id=\"79423ed\" data-element_type=\"column\">\n\t\t\t<div class=\"elementor-column-wrap  elementor-element-populated\">\n\t\t\t\t\t<div class=\"elementor-widget-wrap\">\n\t\t\t\t<div class=\"elementor-element elementor-element-1d899bc elementor-widget elementor-widget-text-editor\" data-id=\"1d899bc\" data-element_type=\"widget\" data-widget_type=\"text-editor.default\">\n\t\t\t\t<div class=\"elementor-widget-container\">\n\t\t\t\t\t<div class=\"elementor-text-editor elementor-clearfix\"><div class=\"page\" title=\"Page 4\"><div class=\"section\"><div class=\"layoutArea\"><div class=\"column\"><h2>Kit &#8220;Be\u0301be\u0301&#8221;\u00a0<\/h2><p>Le kit spe\u0301cial tout petits : 1 savon-shampoing solide tout doux adapte\u0301 a\u0300 leurs besoins, 1 baume de massage a\u0300 la cire d&#8217;abeille (100 ml), 1 liniment ole\u0301o-calcaire (250 ml), un lot de 4 lingettes pour les fesses, 1 bavoir, le tout dans un joli sac a\u0300 motifs.<\/p><p>Une collaboration Lulo Cosme\u0301tiques et Cousette Etc !<br \/>Il n&#8217;est pas possible de choisir les tissus, mais fais confiance aux bons gou\u0302ts de Cousette Etc, tu ne seras pas de\u0301c\u0327u.e ! 2 quantit\u00e9s en vente.<\/p><h4>Prix : 37\u20ac<\/h4><\/div><\/div><\/div><\/div><\/div>\n\t\t\t\t<\/div>\n\t\t\t\t<\/div>\n\t\t\t\t\t\t<\/div>\n\t\t\t<\/div>\n\t\t<\/div>\n\t\t\t\t\t\t<\/div>\n\t\t\t<\/div>\n\t\t<\/section>\n\t\t\t\t<section class=\"elementor-element elementor-element-613c791 elementor-section-boxed elementor-section-height-default elementor-section-height-default elementor-section elementor-top-section\" data-id=\"613c791\" data-element_type=\"section\">\n\t\t\t\t\t\t<div class=\"elementor-container elementor-column-gap-default\">\n\t\t\t\t<div class=\"elementor-row\">\n\t\t\t\t<div class=\"elementor-element elementor-element-ad0fd58 elementor-column elementor-col-100 elementor-top-column\" data-id=\"ad0fd58\" data-element_type=\"column\">\n\t\t\t<div class=\"elementor-column-wrap  elementor-element-populated\">\n\t\t\t\t\t<div class=\"elementor-widget-wrap\">\n\t\t\t\t<div class=\"elementor-element elementor-element-7558aee elementor-align-center elementor-widget elementor-widget-button\" data-id=\"7558aee\" data-element_type=\"widget\" data-widget_type=\"button.default\">\n\t\t\t\t<div class=\"elementor-widget-container\">\n\t\t\t\t\t<div class=\"elementor-button-wrapper\">\n\t\t\t<a href=\"https:\/\/www.facebook.com\/lulocosmetiques\" class=\"elementor-button-link elementor-button elementor-size-sm\" target=\"_blank\" role=\"button\">\n\t\t\t\t\t\t<span class=\"elementor-button-content-wrapper\">\n\t\t\t\t\t\t<span class=\"elementor-button-text\">En savoir plus sur l'univers de la cr\u00e9atrice<\/span>\n\t\t<\/span>\n\t\t\t\t\t<\/a>\n\t\t<\/div>\n\t\t\t\t<\/div>\n\t\t\t\t<\/div>\n\t\t\t\t\t\t<\/div>\n\t\t\t<\/div>\n\t\t<\/div>\n\t\t\t\t\t\t<\/div>\n\t\t\t<\/div>\n\t\t<\/section>\n\t\t\t\t\t\t<\/div>\n\t\t\t<\/div>\n\t\t<\/div>\n\t\t","protected":false},"excerpt":{"rendered":"<p>Jeune marque lilloise de produits cosm\u00e9tiques. 100 % naturels, faits maison, made in France et 200 % made with love \ud83e\udde1. Shampoings solides, baumes, d\u00e9odorants, cr\u00e8mes, produits d&#8217;hygi\u00e8ne pour b\u00e9b\u00e9&#8230; tout est r\u00e9alis\u00e9 avec les ingr\u00e9dients les plus naturels possibles, [&hellip;]<\/p>\n","protected":false},"author":1,"featured_media":0,"parent":0,"menu_order":0,"comment_status":"closed","ping_status":"closed","template":"","meta":{"_monsterinsights_skip_tracking":false,"_monsterinsights_sitenote_active":false,"_monsterinsights_sitenote_note":"","_monsterinsights_sitenote_category":0,"amp_status":"","footnotes":""},"class_list":["post-1958","page","type-page","status-publish","hentry"],"_links":{"self":[{"href":"https:\/\/www.cabb-lille.fr\/index.php\/wp-json\/wp\/v2\/pages\/1958","targetHints":{"allow":["GET"]}}],"collection":[{"href":"https:\/\/www.cabb-lille.fr\/index.php\/wp-json\/wp\/v2\/pages"}],"about":[{"href":"https:\/\/www.cabb-lille.fr\/index.php\/wp-json\/wp\/v2\/types\/page"}],"author":[{"embeddable":true,"href":"https:\/\/www.cabb-lille.fr\/index.php\/wp-json\/wp\/v2\/users\/1"}],"replies":[{"embeddable":true,"href":"https:\/\/www.cabb-lille.fr\/index.php\/wp-json\/wp\/v2\/comments?post=1958"}],"version-history":[{"count":30,"href":"https:\/\/www.cabb-lille.fr\/index.php\/wp-json\/wp\/v2\/pages\/1958\/revisions"}],"predecessor-version":[{"id":2809,"href":"https:\/\/www.cabb-lille.fr\/index.php\/wp-json\/wp\/v2\/pages\/1958\/revisions\/2809"}],"wp:attachment":[{"href":"https:\/\/www.cabb-lille.fr\/index.php\/wp-json\/wp\/v2\/media?parent=1958"}],"curies":[{"name":"wp","href":"https:\/\/api.w.org\/{rel}","templated":true}]}}